[INFO] cloning repository https://github.com/zhnxin/text4kindlegen
[INFO] running `Command { std: "git" "-c" "credential.helper=" "-c" "credential.helper=/workspace/cargo-home/bin/git-credential-null" "clone" "--bare" "https://github.com/zhnxin/text4kindlegen" "/workspace/cache/git-repos/https%3A%2F%2Fgithub.com%2Fzhnxin%2Ftext4kindlegen", kill_on_drop: false }`
[INFO] [stderr] Cloning into bare repository '/workspace/cache/git-repos/https%3A%2F%2Fgithub.com%2Fzhnxin%2Ftext4kindlegen'...
[INFO] running `Command { std: "git" "rev-parse" "HEAD", kill_on_drop: false }`
[INFO] [stdout] 057c9e033371bd09a45d99b8b1ddbab33cb93a31
[INFO] checking zhnxin/text4kindlegen against try#72f88fc4e9458f89516a0b8b0868f3718aec5b47 for pr-74989
[INFO] running `Command { std: "git" "clone" "/workspace/cache/git-repos/https%3A%2F%2Fgithub.com%2Fzhnxin%2Ftext4kindlegen" "/workspace/builds/worker-0/source", kill_on_drop: false }`
[INFO] [stderr] Cloning into '/workspace/builds/worker-0/source'...
[INFO] [stderr] done.
[INFO] validating manifest of git repo https://github.com/zhnxin/text4kindlegen on toolchain 72f88fc4e9458f89516a0b8b0868f3718aec5b47
[INFO] running `Command { std: "/workspace/cargo-home/bin/cargo" "+72f88fc4e9458f89516a0b8b0868f3718aec5b47" "read-manifest" "--manifest-path" "Cargo.toml", kill_on_drop: false }`
[INFO] started tweaking git repo https://github.com/zhnxin/text4kindlegen
[INFO] finished tweaking git repo https://github.com/zhnxin/text4kindlegen
[INFO] tweaked toml for git repo https://github.com/zhnxin/text4kindlegen written to /workspace/builds/worker-0/source/Cargo.toml
[INFO] crate git repo https://github.com/zhnxin/text4kindlegen already has a lockfile, it will not be regenerated
[INFO] running `Command { std: "/workspace/cargo-home/bin/cargo" "+72f88fc4e9458f89516a0b8b0868f3718aec5b47" "fetch" "--locked" "--manifest-path" "Cargo.toml", kill_on_drop: false }`
[INFO] [stderr]     Blocking waiting for file lock on package cache
[INFO] [stderr]  Downloading crates ...
[INFO] [stderr]   Downloaded serde_derive v1.0.97
[INFO] [stderr]   Downloaded serde v1.0.97
[INFO] [stderr]   Downloaded handlebars v2.0.1
[INFO] [stderr]   Downloaded encodingbufreader v0.1.1
[INFO] [stderr]   Downloaded rust-embed-impl v5.1.0
[INFO] [stderr]   Downloaded rust-embed v5.1.0
[INFO] running `Command { std: "docker" "create" "-v" "/var/lib/crater-agent-workspace/builds/worker-0/target:/opt/rustwide/target:rw,Z" "-v" "/var/lib/crater-agent-workspace/builds/worker-0/source:/opt/rustwide/workdir:ro,Z" "-v" "/var/lib/crater-agent-workspace/cargo-home:/opt/rustwide/cargo-home:ro,Z" "-v" "/var/lib/crater-agent-workspace/rustup-home:/opt/rustwide/rustup-home:ro,Z" "-e" "SOURCE_DIR=/opt/rustwide/workdir" "-e" "CARGO_TARGET_DIR=/opt/rustwide/target" "-e" "CARGO_HOME=/opt/rustwide/cargo-home" "-e" "RUSTUP_HOME=/opt/rustwide/rustup-home" "-w" "/opt/rustwide/workdir" "-m" "1610612736" "--user" "0:0" "--network" "none" "rustops/crates-build-env@sha256:d92eaeed33fa75130ca1ee6c8a01d1ffb62bac859dfdfb3450e3e5d1c0146529" "/opt/rustwide/cargo-home/bin/cargo" "+72f88fc4e9458f89516a0b8b0868f3718aec5b47" "metadata" "--no-deps" "--format-version=1", kill_on_drop: false }`
[INFO] [stdout] c97482a4aba920e6044154c846f215ea42965c73f32c758883a26f7ba2ce5937
[INFO] [stderr] WARNING: Your kernel does not support swap limit capabilities or the cgroup is not mounted. Memory limited without swap.
[INFO] running `Command { std: "docker" "start" "-a" "c97482a4aba920e6044154c846f215ea42965c73f32c758883a26f7ba2ce5937", kill_on_drop: false }`
[INFO] running `Command { std: "docker" "inspect" "c97482a4aba920e6044154c846f215ea42965c73f32c758883a26f7ba2ce5937", kill_on_drop: false }`
[INFO] running `Command { std: "docker" "rm" "-f" "c97482a4aba920e6044154c846f215ea42965c73f32c758883a26f7ba2ce5937", kill_on_drop: false }`
[INFO] [stdout] c97482a4aba920e6044154c846f215ea42965c73f32c758883a26f7ba2ce5937
[INFO] running `Command { std: "docker" "create" "-v" "/var/lib/crater-agent-workspace/builds/worker-0/target:/opt/rustwide/target:rw,Z" "-v" "/var/lib/crater-agent-workspace/builds/worker-0/source:/opt/rustwide/workdir:ro,Z" "-v" "/var/lib/crater-agent-workspace/cargo-home:/opt/rustwide/cargo-home:ro,Z" "-v" "/var/lib/crater-agent-workspace/rustup-home:/opt/rustwide/rustup-home:ro,Z" "-e" "SOURCE_DIR=/opt/rustwide/workdir" "-e" "CARGO_TARGET_DIR=/opt/rustwide/target" "-e" "CARGO_INCREMENTAL=0" "-e" "RUST_BACKTRACE=full" "-e" "RUSTFLAGS=--cap-lints=forbid" "-e" "CARGO_HOME=/opt/rustwide/cargo-home" "-e" "RUSTUP_HOME=/opt/rustwide/rustup-home" "-w" "/opt/rustwide/workdir" "-m" "1610612736" "--user" "0:0" "--network" "none" "rustops/crates-build-env@sha256:d92eaeed33fa75130ca1ee6c8a01d1ffb62bac859dfdfb3450e3e5d1c0146529" "/opt/rustwide/cargo-home/bin/cargo" "+72f88fc4e9458f89516a0b8b0868f3718aec5b47" "check" "--frozen" "--all" "--all-targets" "--message-format=json", kill_on_drop: false }`
[INFO] [stderr] WARNING: Your kernel does not support swap limit capabilities or the cgroup is not mounted. Memory limited without swap.
[INFO] [stdout] c74828dbdf5906bca76dec464aa72a5ae6660c0a315b7e6e0ef7a36b028f760d
[INFO] running `Command { std: "docker" "start" "-a" "c74828dbdf5906bca76dec464aa72a5ae6660c0a315b7e6e0ef7a36b028f760d", kill_on_drop: false }`
[INFO] [stderr]    Compiling proc-macro2 v0.4.30
[INFO] [stderr]    Compiling unicode-xid v0.1.0
[INFO] [stderr]    Compiling syn v0.15.42
[INFO] [stderr]     Checking encoding_index_tests v0.1.4
[INFO] [stderr]    Compiling serde v1.0.97
[INFO] [stderr]    Compiling maplit v1.0.1
[INFO] [stderr]    Compiling unicode-xid v0.0.4
[INFO] [stderr]    Compiling libc v0.2.60
[INFO] [stderr]     Checking lazy_static v1.3.0
[INFO] [stderr]    Compiling quote v0.3.15
[INFO] [stderr]     Checking cfg-if v0.1.9
[INFO] [stderr]     Checking strsim v0.8.0
[INFO] [stderr]     Checking ansi_term v0.11.0
[INFO] [stderr]     Checking htmlescape v0.3.1
[INFO] [stderr]    Compiling pest v2.1.1
[INFO] [stderr]     Checking regex-syntax v0.6.10
[INFO] [stderr]     Checking textwrap v0.11.0
[INFO] [stderr]    Compiling rust-embed-utils v5.0.0
[INFO] [stderr]    Compiling synom v0.11.3
[INFO] [stderr]     Checking encoding-index-japanese v1.20141219.5
[INFO] [stderr]     Checking encoding-index-simpchinese v1.20141219.5
[INFO] [stderr]     Checking encoding-index-tradchinese v1.20141219.5
[INFO] [stderr]     Checking encoding-index-singlebyte v1.20141219.5
[INFO] [stderr]     Checking encoding-index-korean v1.20141219.5
[INFO] [stderr]     Checking log v0.4.7
[INFO] [stderr]     Checking aho-corasick v0.7.4
[INFO] [stderr]     Checking thread_local v0.3.6
[INFO] [stderr]    Compiling syn v0.11.11
[INFO] [stderr]     Checking encoding v0.2.33
[INFO] [stderr]    Compiling quote v0.6.13
[INFO] [stderr]     Checking atty v0.2.13
[INFO] [stderr]     Checking clap v2.33.0
[INFO] [stderr]     Checking encodingbufreader v0.1.1
[INFO] [stderr]    Compiling pest_meta v2.1.1
[INFO] [stderr]     Checking regex v1.2.0
[INFO] [stderr]    Compiling rust-embed-impl v5.1.0
[INFO] [stderr]     Checking rust-embed v5.1.0
[INFO] [stderr]    Compiling pest_generator v2.1.0
[INFO] [stderr]    Compiling serde_derive v1.0.97
[INFO] [stderr]    Compiling pest_derive v2.1.0
[INFO] [stderr]     Checking serde_json v1.0.40
[INFO] [stderr]     Checking hashbrown v0.5.0
[INFO] [stderr]     Checking toml v0.5.1
[INFO] [stderr]     Checking handlebars v2.0.1
[INFO] [stderr]     Checking txt4k v0.1.0 (/opt/rustwide/workdir)
[INFO] [stdout] error: proc-macro derive panicked
[INFO] [stdout]  --> src/main.rs:8:10
[INFO] [stdout]   |
[INFO] [stdout] 8 | #[derive(RustEmbed)]
[INFO] [stdout]   |          ^^^^^^^^^
[INFO] [stdout]   |
[INFO] [stdout]   = help: message: #[derive(RustEmbed)] folder 'templates/' does not exist. cwd: '/opt/rustwide/workdir'
[INFO] [stdout] 
[INFO] [stdout] 
[INFO] [stdout] error: proc-macro derive panicked
[INFO] [stdout]  --> src/main.rs:8:10
[INFO] [stdout]   |
[INFO] [stdout] 8 | #[derive(RustEmbed)]
[INFO] [stdout]   |          ^^^^^^^^^
[INFO] [stdout]   |
[INFO] [stdout]   = help: message: #[derive(RustEmbed)] folder 'templates/' does not exist. cwd: '/opt/rustwide/workdir'
[INFO] [stdout] 
[INFO] [stdout] 
[INFO] [stdout] error[E0599]: no function or associated item named `get` found for struct `Templates` in the current scope
[INFO] [stdout]   --> src/main.rs:44:40
[INFO] [stdout]    |
[INFO] [stdout] 10 | struct Templates;
[INFO] [stdout]    | ----------------- function or associated item `get` not found for this
[INFO] [stdout] ...
[INFO] [stdout] 44 |         std::str::from_utf8(Templates::get("book.opf").unwrap().as_ref())?,
[INFO] [stdout]    |                                        ^^^ function or associated item not found in `Templates`
[INFO] [stdout]    |
[INFO] [stdout]    = help: items from traits can only be used if the trait is implemented and in scope
[INFO] [stdout]    = note: the following traits define an item `get`, perhaps you need to implement one of them:
[INFO] [stdout]            candidate #1: `SliceIndex`
[INFO] [stdout]            candidate #2: `RustEmbed`
[INFO] [stdout] 
[INFO] [stdout] 
[INFO] [stdout] error[E0599]: no function or associated item named `get` found for struct `Templates` in the current scope
[INFO] [stdout]   --> src/main.rs:48:40
[INFO] [stdout]    |
[INFO] [stdout] 10 | struct Templates;
[INFO] [stdout]    | ----------------- function or associated item `get` not found for this
[INFO] [stdout] ...
[INFO] [stdout] 48 |         std::str::from_utf8(Templates::get("index.html").unwrap().as_ref())?,
[INFO] [stdout]    |                                        ^^^ function or associated item not found in `Templates`
[INFO] [stdout]    |
[INFO] [stdout]    = help: items from traits can only be used if the trait is implemented and in scope
[INFO] [stdout]    = note: the following traits define an item `get`, perhaps you need to implement one of them:
[INFO] [stdout]            candidate #1: `SliceIndex`
[INFO] [stdout]            candidate #2: `RustEmbed`
[INFO] [stdout] 
[INFO] [stdout] 
[INFO] [stdout] error[E0599]: no function or associated item named `get` found for struct `Templates` in the current scope
[INFO] [stdout]   --> src/main.rs:52:40
[INFO] [stdout]    |
[INFO] [stdout] 10 | struct Templates;
[INFO] [stdout]    | ----------------- function or associated item `get` not found for this
[INFO] [stdout] ...
[INFO] [stdout] 52 |         std::str::from_utf8(Templates::get("toc.ncx").unwrap().as_ref())?,
[INFO] [stdout]    |                                        ^^^ function or associated item not found in `Templates`
[INFO] [stdout]    |
[INFO] [stdout]    = help: items from traits can only be used if the trait is implemented and in scope
[INFO] [stdout]    = note: the following traits define an item `get`, perhaps you need to implement one of them:
[INFO] [stdout]            candidate #1: `SliceIndex`
[INFO] [stdout]            candidate #2: `RustEmbed`
[INFO] [stdout] 
[INFO] [stdout] 
[INFO] [stdout] error[E0599]: no function or associated item named `get` found for struct `Templates` in the current scope
[INFO] [stdout]   --> src/main.rs:56:40
[INFO] [stdout]    |
[INFO] [stdout] 10 | struct Templates;
[INFO] [stdout]    | ----------------- function or associated item `get` not found for this
[INFO] [stdout] ...
[INFO] [stdout] 56 |         std::str::from_utf8(Templates::get("toc.xhtml").unwrap().as_ref())?,
[INFO] [stdout]    |                                        ^^^ function or associated item not found in `Templates`
[INFO] [stdout]    |
[INFO] [stdout]    = help: items from traits can only be used if the trait is implemented and in scope
[INFO] [stdout]    = note: the following traits define an item `get`, perhaps you need to implement one of them:
[INFO] [stdout]            candidate #1: `SliceIndex`
[INFO] [stdout]            candidate #2: `RustEmbed`
[INFO] [stdout] 
[INFO] [stdout] 
[INFO] [stdout] error[E0599]: no function or associated item named `get` found for struct `Templates` in the current scope
[INFO] [stdout]   --> src/main.rs:44:40
[INFO] [stdout]    |
[INFO] [stdout] 10 | struct Templates;
[INFO] [stdout]    | ----------------- function or associated item `get` not found for this
[INFO] [stdout] ...
[INFO] [stdout] 44 |         std::str::from_utf8(Templates::get("book.opf").unwrap().as_ref())?,
[INFO] [stdout]    |                                        ^^^ function or associated item not found in `Templates`
[INFO] [stdout]    |
[INFO] [stdout]    = help: items from traits can only be used if the trait is implemented and in scope
[INFO] [stdout]    = note: the following traits define an item `get`, perhaps you need to implement one of them:
[INFO] [stdout]            candidate #1: `SliceIndex`
[INFO] [stdout]            candidate #2: `RustEmbed`
[INFO] [stdout] 
[INFO] [stdout] 
[INFO] [stdout] error[E0599]: no function or associated item named `get` found for struct `Templates` in the current scope
[INFO] [stdout]   --> src/main.rs:48:40
[INFO] [stdout]    |
[INFO] [stdout] 10 | struct Templates;
[INFO] [stdout]    | ----------------- function or associated item `get` not found for this
[INFO] [stdout] ...
[INFO] [stdout] 48 |         std::str::from_utf8(Templates::get("index.html").unwrap().as_ref())?,
[INFO] [stdout]    |                                        ^^^ function or associated item not found in `Templates`
[INFO] [stdout]    |
[INFO] [stdout]    = help: items from traits can only be used if the trait is implemented and in scope
[INFO] [stdout]    = note: the following traits define an item `get`, perhaps you need to implement one of them:
[INFO] [stdout]            candidate #1: `SliceIndex`
[INFO] [stdout]            candidate #2: `RustEmbed`
[INFO] [stdout] 
[INFO] [stdout] 
[INFO] [stdout] error[E0599]: no function or associated item named `get` found for struct `Templates` in the current scope
[INFO] [stdout]   --> src/main.rs:52:40
[INFO] [stdout]    |
[INFO] [stdout] 10 | struct Templates;
[INFO] [stdout]    | ----------------- function or associated item `get` not found for this
[INFO] [stdout] ...
[INFO] [stdout] 52 |         std::str::from_utf8(Templates::get("toc.ncx").unwrap().as_ref())?,
[INFO] [stdout]    |                                        ^^^ function or associated item not found in `Templates`
[INFO] [stdout]    |
[INFO] [stdout]    = help: items from traits can only be used if the trait is implemented and in scope
[INFO] [stdout]    = note: the following traits define an item `get`, perhaps you need to implement one of them:
[INFO] [stdout]            candidate #1: `SliceIndex`
[INFO] [stdout]            candidate #2: `RustEmbed`
[INFO] [stdout] 
[INFO] [stdout] 
[INFO] [stdout] error[E0599]: no function or associated item named `get` found for struct `Templates` in the current scope
[INFO] [stdout]   --> src/main.rs:56:40
[INFO] [stdout]    |
[INFO] [stdout] 10 | struct Templates;
[INFO] [stdout]    | ----------------- function or associated item `get` not found for this
[INFO] [stdout] ...
[INFO] [stdout] 56 |         std::str::from_utf8(Templates::get("toc.xhtml").unwrap().as_ref())?,
[INFO] [stdout]    |                                        ^^^ function or associated item not found in `Templates`
[INFO] [stdout]    |
[INFO] [stdout]    = help: items from traits can only be used if the trait is implemented and in scope
[INFO] [stdout]    = note: the following traits define an item `get`, perhaps you need to implement one of them:
[INFO] [stdout]            candidate #1: `SliceIndex`
[INFO] [stdout]            candidate #2: `RustEmbed`
[INFO] [stdout] 
[INFO] [stdout] 
[INFO] [stdout] error: aborting due to 5 previous errors
[INFO] [stdout] 
[INFO] [stdout] 
[INFO] [stdout] For more information about this error, try `rustc --explain E0599`.
[INFO] [stdout] 
[INFO] [stderr] error: could not compile `txt4k`.
[INFO] [stderr] 
[INFO] [stderr] To learn more, run the command again with --verbose.
[INFO] [stderr] warning: build failed, waiting for other jobs to finish...
[INFO] [stdout] error: aborting due to 5 previous errors
[INFO] [stdout] 
[INFO] [stdout] 
[INFO] [stdout] For more information about this error, try `rustc --explain E0599`.
[INFO] [stdout] 
[INFO] [stderr] error: build failed
[INFO] running `Command { std: "docker" "inspect" "c74828dbdf5906bca76dec464aa72a5ae6660c0a315b7e6e0ef7a36b028f760d", kill_on_drop: false }`
[INFO] running `Command { std: "docker" "rm" "-f" "c74828dbdf5906bca76dec464aa72a5ae6660c0a315b7e6e0ef7a36b028f760d", kill_on_drop: false }`
[INFO] [stdout] c74828dbdf5906bca76dec464aa72a5ae6660c0a315b7e6e0ef7a36b028f760d
